
Suppose 0 = -0*s - 5*s + 390. Let c(h) = -h**3 - 3*h**2 + 9. Let x be c(-6). Calculate the greatest common divisor of s and x.
39
Let m = -80 + 183. Suppose -41 = -8*s + m. Calculate the greatest common divisor of s and 162.
18
Let b(v) = 16*v**2 + 47*v - 293. Let p be b(5). Calculate the greatest common factor of 38 and p.
38
Suppose -288 = -3*a - a. Suppose 3*p - a = p. What is the greatest common factor of 24 and p?
12
Suppose 95 = 4*x + x + 2*j, 0 = 4*x - j - 89. Calculate the greatest common divisor of x and 7.
7
Let q(k) = 22*k - 35. Let y be q(4). Let r(f) = 36*f**2 + 2*f + 3. Let z be r(3). Suppose 0 = -5*j - y + z. Calculate the greatest common divisor of 7 and j.
7
Let d be (-150)/10*(-2)/3*5. Suppose 5 = 3*g + y, 0*g = g + 2*y. Suppose -q = -g*z - z - 17, -5*q + 2*z + 98 = 0. What is the greatest common factor of q and d?
10
Suppose 11*o - 12*o + 68 = 0. Let w = -37 + o. Calculate the greatest common factor of 279 and w.
31
Let h be (-4)/(-6)*84/8. Suppose 4*c - h*c = -9. Suppose -49 = -c*j + 83. Calculate the highest common divisor of 22 and j.
22
Suppose 46*y - 51*y + 300 = 0. Calculate the highest common factor of 12 and y.
12
Let w(d) = 2*d - 12. Let g be w(7). Let q be (-1)/4 - 325/(-20). What is the greatest common factor of g and q?
2
Let h(c) be the first derivative of -c**2/2 + 29*c + 7. Let m be h(13). Suppose 17*r - 120 = 14*r. Calculate the greatest common divisor of r and m.
8
Let a be (41 - 35)*(-6)/(-4). What is the greatest common divisor of a and 48?
3
Suppose 3*d - 2*d + 5*q - 604 = 0, -5*d - 5*q = -2980. Calculate the highest common divisor of 54 and d.
54
Suppose 3*w - 10 = -o + 6, 2*o - 3*w = -4. Suppose -n - 3*y = -6, -3*n + 10 = -o*y - 21. What is the greatest common factor of 81 and n?
9
Let c = -186 - -237. What is the highest common divisor of 68 and c?
17
Suppose 3*m - 4*n - 21 = 10, -3*n = -5*m + 70. Suppose -16*v - 121 = -m*v. What is the greatest common factor of v and 11?
11
Suppose 0 = -2*c + 5575 + 3433. Let t be (-14)/63 + c/18. Suppose -t = -a + 124. What is the greatest common factor of 34 and a?
34
Let u be (1 - 36/(-6))*(-60)/(-14). Suppose -u = -y - 12. What is the greatest common factor of y and 12?
6
Let a(x) = x + 10. Let g be -4 + 4 + (-24)/(-3). Let t be a(g). What is the greatest common divisor of t and 72?
18
Let g = 205 - 200. Calculate the highest common divisor of 35 and g.
5
Let z be -12*(-6)/((-18)/(-15)). Let j be -10*-1*2/5. Suppose j*f - f = z. Calculate the highest common factor of 8 and f.
4
Let p = -3211 + 3231. Suppose -w - 19 + 109 = -4*l, -4*l = -4*w + 420. Calculate the greatest common divisor of p and w.
10
Suppose 3*o - 77 + 17 = 0. Suppose -620 = -5*l - 4*f, -2*l - 4*f + 240 = -o. Calculate the highest common divisor of 20 and l.
20
Suppose 4*g - 250 = 2*v, 256 = g + 3*g + 4*v. Calculate the highest common factor of 14 and g.
7
Suppose 15 = z - 22. Let o = z + -25. Let c be o/42 - (-374)/14. What is the greatest common divisor of 18 and c?
9
Let m be (-1948)/(-16) + 4/16. Let t = -62 + m. What is the greatest common factor of 24 and t?
12
Let j be (-29 + 30)/(14/(-768))*-7. Calculate the highest common factor of j and 24.
24
Let t(h) be the third derivative of -5/2*h**3 + 5*h**2 + 0*h + 0 + 11/24*h**4. Let q be t(10). What is the greatest common factor of q and 38?
19
Let g(b) = b**2 + b - 2. Let u be g(4). Suppose 0 = p + 4*p + 65. Let w be -3*(-2 + p + 0). What is the highest common divisor of u and w?
9
Let b = 16 + -17. Let h be 2/8*b - (-525)/20. Suppose v - c = 4*c + 254, 3*v - 722 = 5*c. Calculate the greatest common factor of v and h.
26
Let o(t) = -3 + 2*t + 3*t - 4 - 2*t. Let v be o(3). Suppose -4*y + 6 = -v*y. What is the highest common divisor of 24 and y?
3
Suppose -4*k + 22240 = 5*x, -8*x = -x + 2*k - 31154. Calculate the highest common divisor of 84 and x.
84
Let g(o) = -o**3 + 48*o**2 - 34*o - 206. Let u be g(47). What is the greatest common divisor of 15 and u?
15
Suppose 746 = 4*y - 8*a + 3*a, -730 = -4*y - 3*a. What is the greatest common divisor of 46 and y?
46
Let n(s) = -s**2 + 8*s + 11. Let v be n(9). Let j(p) = 24*p**3 + 2*p**2 + p - 2. Let u be j(v). Calculate the highest common factor of 40 and u.
40
Let q(z) = -z**3 - 14*z**2 - 25*z - 7. Let c be q(-12). What is the greatest common divisor of c and 5?
5
Suppose 6 = 3*h - 3. Suppose -4*b + h*g = -47, 5*b + 3*g = 6*g + 58. Let s = 196 - 119. What is the highest common factor of b and s?
11
Let s = -977 - -1151. What is the highest common factor of s and 464?
58
Let y = 30 - 6. Let a(p) = 2*p**2 + 10*p + 12. Let v be a(9). Calculate the greatest common factor of v and y.
24
Let d be (0 + -1)*(9 - 323). Calculate the highest common divisor of 2 and d.
2
Suppose r + 2*q - 3 = q, 0 = r - q - 9. Suppose 0 = 5*b - 3*o - 141, 11*o + 0*o + 27 = 2*b. Calculate the greatest common factor of r and b.
6
Suppose 4960 = 1412*y - 1392*y. What is the greatest common factor of y and 24?
8
Let r be 46/4 + 3/(-6). Let m be r + (9/3 - 2). What is the highest common factor of 108 and m?
12
Suppose -z + 7521 - 7482 = 0. Let u = 275 + 76. What is the highest common factor of z and u?
39
Let d = -2 + 9. What is the highest common factor of d and 7?
7
Let v(j) = j**2 - 10*j + 4. Let s be v(10). Let z(p) = -p**2 + 3*p + 5. Let b be z(s). What is the greatest common factor of b and 3?
1
Let r(p) = p**3 + 9*p**2 + 8*p - 9. Let v be r(-7). Let x = -269 + 291. Calculate the highest common divisor of v and x.
11
Let l be (-119 - -1)/(0 - 2). Suppose 4*o = 3*v + l, -o - 2*o + 3*v = -42. Let r = 57 - 40. Calculate the highest common factor of r and o.
17
Suppose -4*w - 8*k - 505 = -3*k, 127 = -w - 2*k. Let g = -83 - w. Calculate the greatest common factor of 6 and g.
6
Let h = 791 - 733. Calculate the greatest common divisor of 290 and h.
58
Suppose -b - 3 + 4 = 0. Let z(h) = -2*h**3 - 3*h**2 + 2*h**3 - h**3 - 1 - h**3 - 2*h. Let d be z(-2). What is the greatest common factor of b and d?
1
Let q = 479 - 395. What is the greatest common divisor of q and 24?
12
Let h(n) be the third derivative of 5*n**4/24 + n**3/2 + n**2. Let q be h(2). Let m be (2/4)/(q/780). What is the greatest common factor of m and 6?
6
Let b(s) = -s**3 + 15*s**2 + 21*s - 24. Let i be b(16). Suppose 4*d + 52 = 4*o, -5*o + 71 = -2*d + 3*d. What is the greatest common divisor of i and o?
14
Suppose 3*j + 59 = 3*w + 4*j, -w = -2*j - 8. Suppose -5*z = -40 - 95. Calculate the greatest common factor of w and z.
9
Let a = 74 + -64. Let g = 5 + 0. Calculate the highest common factor of a and g.
5
Let n(d) = -d + 13. Let x be n(7). Let j be (4875/10)/13*4/x. What is the highest common divisor of j and 100?
25
Suppose 0 = -97*w + 102*w - 130. Calculate the highest common divisor of w and 234.
26
Suppose h + 4*q = 54, 0 = -3*h + q + 152 - 55. What is the greatest common divisor of h and 170?
34
Suppose k - 7 = -3*x + 12, -4*k = 3*x - 22. Let d = x - -6. Let i = d + -8. Calculate the greatest common factor of 6 and i.
2
Let y(p) = p**2 + 100. Let d be y(0). Let z = -2818 + 2858. What is the greatest common divisor of z and d?
20
Let q(b) be the second derivative of b**4/4 + b**3 + 7*b**2/2 - 3*b. Let n be q(7). What is the highest common divisor of n and 28?
28
Let k be (-10)/(-5) + 6 - -3070. Calculate the greatest common factor of 81 and k.
81
Let p be ((-10)/(-2))/((-2)/(-22)). Let v = -163 + 56. Let x = v + 112. What is the highest common factor of x and p?
5
Let s = 80 - 14. Let g = s - 12. Calculate the highest common divisor of g and 6.
6
Let s(a) = -a**2 + 11*a - 11. Let v be s(9). Let d(h) = -17*h + 10. Let z be d(v). Let y be -3 - -2 - -2 - z. Calculate the highest common factor of 10 and y.
10
Suppose 2*h = 70 - 62. Suppose 5*d - h*d = 1582. Let c be 32/144 - d/(-9). What is the highest common factor of c and 22?
22
Let w = 111 - -4. Let j = w + -98. What is the highest common divisor of 170 and j?
17
Let r(n) = 3*n**3 - 5*n**2 - n + 4. Let p be r(2). Suppose -7*a = -5*a - p. What is the highest common divisor of 1 and a?
1
Suppose 7*b - 5*b - 1268 = 2*v, 2*v = 4*b - 2540. Calculate the highest common factor of b and 48.
12
Let j be 5/5*-2 - -6. Let o(u) = u**3 - 2*u**2 - 4*u + 1. Let h be o(j). What is the highest common factor of h and 17?
17
Suppose